u) = 3*u**3 - 2*u**2 - u + 3. Let b(n) = 2*g(n) - y(n). What is b(o)?
-1
Let h(k) = k**2 - 5*k + 2. Let w be 4/4 - 1*-1. Let u = 4 - w. Suppose -4*a + 18 = -u. Determine h(a).
2
Let k = -57 - -60. Let s(f) be the first derivative of -3*f - k - 1/3*f**3 - 5/2*f**2. Give s(-5).
-3
Let x(w) be the second derivative of -w**3/2 + 3*w**2/2 + w. Calculate x(2).
-3
Let l = 692 - 41519/60. Let h(x) be the third derivative of -x**2 + 0 - 1/4*x**4 - l*x**5 - 7/6*x**3 + 0*x. Calculate h(-6).
-7
Let b(n) = 14*n + 4*n + 4*n - 9*n. Calculate b(-1).
-13
Let q be -2 + (-241)/(-20)*(-4)/(-24). Let d(g) be the third derivative of -1/15*g**5 + 0*g - 1/12*g**4 + 2*g**2 + 0 - 2/3*g**3 - q*g**6. Give d(-3).
-7
Let s(i) = -i - 6. Suppose 5*a - 5 = 4*a. Determine s(a).
-11
Let w(b) = -b**3 + 4*b**2 + 5*b - 1. Let s be ((-10)/4)/(3/(-6)). Suppose 3*h + 51 = 4*d, -12 = -4*d + s*h + 49. Let z = d - 4. Calculate w(z).
-1
Suppose -2*a + 7 = 4*s - 5, -3*a - s + 3 = 0. Suppose -5*x + 25 + a = 0. Suppose -x*u + 5 - 15 = 0. Let w(z) = 2*z - 2. Calculate w(u).
-6
Suppose -5*m = -13 - 12, -5*j = m - 15. Let b(i) = -152*i**3 + 3*i + 153*i**3 - 4*i**2 + i**2. What is b(j)?
2
Let u = 22 - 20. Let f(l) = l**3 - l**2 - l - 2. Give f(u).
0
Let s(a) = 21*a - 1 - 7*a + 2*a. Calculate s(-1).
-17
Let n be 4/(-6) + 110/30. Let q(m) = -m + 3. Calculate q(n).
0
Let g(c) = -c**2 - 2*c - 2. Let k(p) be the first derivative of p**2/2 - 13*p - 2. Let o be k(11). Calculate g(o).
-2
Let y(m) be the second derivative of -m**4/2 - m**3/6 + m**2/2 - m. Let w = 4 - 4. Let b = 1 + w. Give y(b).
-6
Let a(s) = -2*s**2 + 4*s**2 - 3 - s - 3*s**2 - 4*s. Determine a(-6).
-9
Let k(c) be the first derivative of c**3/6 + 3*c**2/2 + 4*c - 1. Let x(o) be the first derivative of k(o). Give x(-6).
-3
Let c(a) = -a**3 - a**2 + a - 1. Let d(n) = -16*n**3 - 3*n**2 + 4*n - 5. Let y(s) = -4*c(s) + d(s). Determine y(-1).
12
Let d = -29 + 28. Let t(s) = -5*s**3 + s**2 + s + 1. What is t(d)?
6
Let m(p) = 51 - 8*p + 7*p - 43. Determine m(0).
8
Suppose -4*n = -12 + 60. Let k = 17 + n. Let x(d) = -d**3 + 4*d**2 + 5*d + 7. What is x(k)?
7
Let p be (-12)/(-4 - 0)*2/2. Let i(x) = -x**3 + 4*x**2 - 2*x. Give i(p).
3
Let y(n) = -9*n - 6. Let t(m) = m**3 - 13*m**2 + 21*m + 16. Let s be t(11). Let l = -8 - -16. Let u(h) = 14*h + 9. Let b(w) = l*y(w) + s*u(w). Give b(-3).
3
Let r(w) = -w - 7. Let u(v) = v**2 - 1. Let p(l) = r(l) - u(l). What is p(0)?
-6
Let k(v) = v**3 + 6*v**2 + 3*v - 3. Let h be 2/(-4) - 46/4. Let i = -17 - h. Determine k(i).
7
Let u(q) = -q**2 - q + 1. Let j(x) = -2*x**2 - 11*x. Let c(m) = j(m) - 3*u(m). Give c(6).
-15
Let i(b) = -b - 7. Let n be 21*(-2)/(-3) + -4. Let v = -5 + n. Determine i(v).
-12
Let g(m) = 7*m - 6*m - 17 - 14 - 10*m. Let j(v) = -5*v - 16. Let z(u) = -4*g(u) + 7*j(u). What is z(0)?
12
Let r(m) be the first derivative of -3*m**4/2 - m**3/3 - m**2 - m + 14. What is r(-1)?
6
Let n = 19 - 11. Let x = -32 - -35. Let j(y) = -1 + 0*y - n + 2*y - x*y. Calculate j(0).
-9
Let r(k) = k**2 - 3*k + 1. Let w = 39 + -37. What is r(w)?
-1
Suppose 0 = -0*x - 2*x + 3*n + 42, 4*x - 5*n = 84. Let j be -3 + (x/(-3))/(-1). Let g(i) = -4*i**2 - 3*i + i**3 - 4 + 4*i + 0*i. Calculate g(j).
0
Let a(t) be the third derivative of -t**6/120 + t**5/15 - 5*t**4/24 + 2*t**3/3 + 4*t**2. What is a(3)?
-2
Let b(j) = 0*j**3 + 2 - j**3 - 2*j**2 - j + 2*j. Suppose -5 = 2*h - 1. Give b(h).
0
Let b(y) = y**3 - 5*y**2 - 7*y + 5. Let v(d) = d**3 + 7*d**2 - d + 1. Let c be v(-7). Suppose -4*q = -2*i + c, -5*i + 3*q - 2*q = -29. Determine b(i).
-1
Let f(t) = t + 1. Suppose 0*m = -w - 3*m - 13, 3*m = 3*w - 9. Let c(o) = 3*o + 8. Let a(j) = w*c(j) + 6*f(j). Give a(-2).
-8
Suppose 2*i - 14 = -5*b, 5*i = 3*b + 4*i - 15. Let p(m) = m**3 - 6*m**2 + 7*m - 6. Determine p(b).
-10
Let m(y) = y - 8*y + y + 5*y. Let q(z) = z**2 + 7*z + 1. Let h be q(-6). Determine m(h).
5
Let r(x) be the second derivative of x**4/12 + 3*x**3/2 + 4*x**2 + 6*x. Determine r(-7).
-6
Let b be (-2)/6 + 4/(-6). Let h = b - -3. Suppose -c = h + 1. Let r(g) = -g**2 - 2*g + 3. Determine r(c).
0
Let x(j) = 6*j + 14*j - 8*j - 1 + 0. Give x(1).
11
Let w(f) = f**2 - 1. Suppose -3*g - 18 = -9. What is w(g)?
8
Let j(w) be the third derivative of -w**8/5040 - w**7/2520 + w**6/720 + w**5/20 + 6*w**2. Let y(s) be the third derivative of j(s). Calculate y(1).
-5
Suppose -3 = j - 4, -p = 4*j - 5. Let z(r) = -5*r**2 + 1. Determine z(p).
-4
Let n(r) = r**2 + 5*r + 7. Suppose 6 - 48 = 7*k. What is n(k)?
13
Let z(g) = -3*g**3 + 2*g**3 + 2 + 6*g**2 - 3*g**2. Let c(s) = 1 + 0*s**3 + 3*s**2 + 4*s**3 - 3*s**3 + s. Let d be c(-2). What is z(d)?
2
Suppose -4*f = -6*f + 10. Let a(n) = -n**2 + 4*n + 6. Calculate a(f).
1
Let o = 6 + -3. Let c(m) = -o*m + 2*m + 0*m - 3. Suppose 0*j - j = h - 1, j = 5*h - 23. Determine c(j).
0
Suppose 4*g - 4*u = 0, 0*g + 15 = 5*g - 2*u. Let p(s) = s**2 - 5*s. Give p(g).
0
Let i(o) = -o**2 - o + 2. Let j be i(-3). Let s be (-1 + 1/2)*j. Let w(y) = -y**3 + 2*y**2 + y. What is w(s)?
2
Let r = 13/22 - 1/11. Let w(n) be the second derivative of 0*n**3 - 1/20*n**5 - r*n**4 - n + 0 + n**2. Calculate w(-6).
2
Suppose -j = -2 + 1. Let t(z) = -12*z**3 - z**2 + 1. Determine t(j).
-12
Let c(t) = t**3 - 4*t**2 + 4*t - 8. Let l(b) = -1. Suppose -10 = 2*a + 2*j + 2, -5*a + 2*j + 5 = 0. Let r(n) = a*c(n) + 5*l(n). Give r(3).
0
Suppose 0 = -4*g + 2*g - j + 1, -2*j = 6. Let o(l) = 2*l + 0 + l**g - 1 + 0. Let z = -125 - -123. Determine o(z).
-1
Let g(y) = 3*y - 1. Let t(n) = 2*n - 1. Let d(i) = -3*g(i) + 5*t(i). Let z be 33/(-7) + (-22)/77. Give d(z).
-7
Let r(u) be the first derivative of -u**3/3 - 3*u**2/2 + u - 2. What is r(-4)?
-3
Let b(o) be the second derivative of -5*o**3/6 - o**2 - 2*o. Let t = -33 - -35. Determine b(t).
-12
Let i(p) = -p**2 + p + 3. Suppose 0 = 2*z + 3 - 9. Let k be 1*4 - (-3 + z). Give i(k).
-9
Let w = 1 - -4. Let k(y) = -10*y**3 + 12*y**2 + 11*y - 15. Let a(r) = -3*r**3 + 4*r**2 + 4*r - 5. Let z(d) = 7*a(d) - 2*k(d). What is z(w)?
0
Suppose 0 = 3*h - 19 + 1. Let d = 8 - h. Let p(s) = -s + 2. Calculate p(d).
0
Let j(a) = -a - 4. Let u = 3 + 0. Let n(w) be the first derivative of -w**2/2 + 3*w - 4. Let x be n(u). Calculate j(x).
-4
Let f be (4/(-6))/(8/(-48)). Let h(s) = 2*s + 3 + 2 - 3*s**2 + 2*s**2. Give h(f).
-3
Let g(m) = -m**2 + 9*m - 6. Let v be g(7). Let l(s) = 3*s**2 + 2*s + 1 - 2*s**2 + s**2 - v*s. Give l(4).
9
Let m(w) = -2*w + 3 + 1 - 1 + 8*w. Let k(p) = -1. Let y(t) = -4*k(t) - m(t). Let v(u) = -u**2 + 4*u - 4. Let r be v(3). Give y(r).
7
Let c(s) be the third derivative of s**4/8 - 10*s**2. Determine c(-2).
-6
Let m = -28 + 27. Let w(x) = -17*x**3 + 1. Determine w(m).
18
Let a(v) = v**2 - 1. Let r(m) = -6*m**2 + m + 5. Let k be (-4)/((-8)/10) - -2. Suppose 0 = -2*t + k*t + 10. Let c(b) = t*r(b) - 10*a(b). Calculate c(2).
4
Let z(f) = 3*f - 3. Let c(u) = -1. Let t(q) = -3*c(q) + z(q). Give t(-2).
-6
Let v(w) = 2*w**3 - w**2 - 2*w + 1. Let k be v(3). Let l = 28 - k. Let b be ((-8)/(-12))/(2/l). Let r(u) = -u - 1. What is r(b)?
3
Let c(j) = -2*j**2 + j + 7. Let x be c(0). Let m(n) = -n**2 + 5*n + 9. Determine m(x).
-5
Let k(p) = p + 2. Let z be k(0). Suppose 2*a - 6 = -2*a + 2*h, 2*h = z. Let l(t) = 3*t + 1. What is l(a)?
7
Let a be 0/(0/2 + 2). Suppose a = 2*i + 2*h + 18, 1 - 9 = 2*i - 3*h. Let k(j) = j**2 + 7*j + 6. Let z be k(i). Let d(w) = w - 7. Determine d(z).
-1
Let c(w) be the third derivative of 0*w + 0 - 5/3*w**3 - 3*w**2 - 1/24*w**4. Calculate c(0).
-10
Let s(h) = -h**3 - 7*h**2 - 10*h + 3. Let x be s(-5). Let d(u) = -17*u - 9. Let j(g) = 4*g + 2. Let p(r) = 6*d(r) + 26*j(r). Determine p(x).
4
Let c be (-2)/((-48)/(-68)) + 3. Let b(v) be the second derivative of -v + 0 - 1/2*v**2 - c*v**3. Determine b(2).
-3
Suppose -4*x + 9*x - 55 = 0. Let u(b) = b**2 - 10*b - 7. Let r be u(x). Let s(i) = i - 5. Give s(r).
-1
Let y(o) = o**3 + 8*o**2 - 2*o - 4. Let q(n) = 2*n**3 + 15*n**2 - 3*n - 7. Let w(u) = 4*q(u) - 7*y(u). Suppose -5*t = -2 + 17. Give w(t).
3
Let r be (-1 - -2)*0 - -4. Let n(s) = 26*s + 11. Let d(y) = 9*y + 4. Let p(b) = 17*d(b) - 6*n(b). Calculate p(r).
-10
Suppose -4 = 2*v + 8. Let k(t) = t + 7. What is k(v)?
1
Suppose -5*q + 5 = -5*j, -7*q + 13 = -3*q + 5*j. Suppose -4*w = -6*w - q. Let r be (1 + 0)*(-3 - w). Let p(z) = -5*z -